 -8*x - 8. Let p(n) = -n - 1. Let l(y) = k*p(y) - b(y). What is l(-2)?
-2
Let c be -10*1*2/5. Let u(b) be the second derivative of -b**5/60 + b**4/12 - b**3/3 - 5*b. Let z(n) be the second derivative of u(n). Determine z(c).
10
Let f be (1 + 3)/8*6. Let w(r) = 3*r**3 - 1 + 3*r - 4*r**3 + f*r**2 + 2*r**3 + 2. Give w(-3).
-8
Let g(o) = 15*o + 11*o + 12*o - 36*o. Calculate g(-3).
-6
Let x(f) be the third derivative of f**7/840 - f**6/360 + 5*f**3/6 - 5*f**2. Let j(h) be the first derivative of x(h). Calculate j(1).
0
Let p(f) be the first derivative of -f**4/4 - 8*f**3/3 - 3*f**2 + 8*f + 1. Let k be p(-7). Let j(u) = 7*u. Calculate j(k).
7
Suppose 5*i + 16 = -w - 2*w, 3*i + 12 = -w. Let y(b) = 3 + 12*b + 4*b - 20*b + 3*b. Calculate y(i).
8
Let t be 4/(-6)*39/(-2). Suppose 3*d - t = -1. Suppose 5*x - 3 = 2*v, 0 = d*v - 2*x + 2 + 12. Let f(a) = -a**3 - 5*a**2 - 3*a - 4. Determine f(v).
-8
Suppose 5 = -5*s + 10. Let l(q) = 4*q**2 - q. Let u be l(s). Let i(m) = -3*m - 3. Determine i(u).
-12
Let s(w) = -w**2 + w + 4. Let g be s(3). Let b(c) = -4*c - 3. Let p be b(g). Let t(h) = 0*h**3 + h**3 - 4*h**2 + 3 - 2*h - 4*h. Calculate t(p).
-2
Let r be ((-1)/5)/(5/(-25)). Let a = 8 + -4. Let y(d) = -a*d + 11*d - r + d**2 + 7. Give y(-4).
-6
Let t(r) = r**3 - 17*r**2 + 3. Let q be t(17). Suppose 2 = 2*k - q*k. Let w(l) = l**2 - l - 2. What is w(k)?
4
Let o(t) = t**2 - 8*t + 1. Let i be o(6). Let w = -6 - i. Let s(z) = -z**3 + 4*z**2 + 5*z. Give s(w).
0
Let a(i) be the second derivative of -i**5/20 + i**3/3 + i**2 - 11*i - 4. Suppose 4*h + 6 = -2. What is a(h)?
6
Suppose -d = -4 + 7. Let k(o) = -2*o + 3. What is k(d)?
9
Let u(f) = 12*f - 3. Suppose x = 3*i + 17, -4*i + 1 - 17 = 2*x. Let h(p) = 4*p - 1. Let q(t) = x*u(t) - 7*h(t). Calculate q(-1).
5
Suppose l + 2*l = -2*i + 8, -2*i = -8. Suppose -g + 5 + l = 0. Let d(o) = -3*o + 4. What is d(g)?
-11
Suppose 5*g = -0 + 30. Let p(k) be the third derivative of 0*k + 1/6*k**3 + 0*k**4 + 0 - 1/60*k**5 + 7/120*k**g + 2*k**2. Determine p(-1).
-7
Let j(q) = q + 3. Let v be -9 + (12 + 4)/4. Give j(v).
-2
Let a be 2/3*15/2. Let t = 6 - a. Let d(k) = -3*k**3 - 2*k + 1. Give d(t).
-4
Let c(y) = -y + 4. Suppose -11*m + 8 = -13*m. Determine c(m).
8
Let k(z) = z**2 - 9*z + 5. Let l(c) = -c**2 + 9*c - 4. Let h(b) = -4*k(b) - 3*l(b). Give h(9).
-8
Let x(m) be the second derivative of -m**3/6 - 2*m**2 - 6*m. Give x(-5).
1
Suppose 0 = -4*m + 22 - 6. Suppose 0 = -2*f + 7*f + 3*n + 12, m*n + 8 = -4*f. Let r(c) = c**2 + 3*c - 4. Give r(f).
-4
Let s(d) be the second derivative of 0 - 1/12*d**4 + 2*d - d**2 + 1/2*d**3. Give s(2).
0
Let a(h) = h**2 - 3*h + 1. Let f(r) = 2*r**2 - 7*r + 1. Let n(m) = m**3 + 11*m**2 - m - 13. Let c be n(-11). Let q(i) = c*f(i) + 5*a(i). Calculate q(0).
3
Let v(h) be the second derivative of h**6/360 - h**5/120 + h**4/12 + h**3/6 - h. Let u(n) be the second derivative of v(n). Calculate u(0).
2
Suppose -5*f - 1 = -151. Suppose -a - 4*a = -f. Let p(z) = -3*z**2 - 32*z - 23. Let w(y) = -y**2 - 11*y - 8. Let u(j) = a*p(j) - 17*w(j). Determine u(-4).
2
Let c(x) = -x**3 + x**2 - x + 4. Suppose -a = -3*a. Give c(a).
4
Suppose 3*c - p - 3 = -4*p, -5*c + 4 = 4*p. Let b(z) = 2 + 4 - 6*z + c + z**2. Determine b(5).
1
Let h(q) be the first derivative of 1 + 1/4*q**4 - q**3 - 1/2*q**2 + 2*q. Let p be 0 + (-5 - 40/(-5)). Determine h(p).
-1
Let d(t) = -t**3 + 4*t**2 - 3*t + 6. Let v be 2/4 - 1/2. Suppose h - 2 = -v*h. Suppose 5*c - c = l + 11, -c + h*l = 6. Calculate d(c).
-6
Let h be (-7)/(-3) + 2/3. Suppose -5 - 13 = -h*g. Let d(c) = c**2 - 8*c + 8. Let t be d(g). Let w(p) = p**3 + 5*p**2 + 4*p - 2. Calculate w(t).
-2
Let r(z) be the second derivative of z**5/20 + z**4/12 - z**3/2 - 3*z**2/2 + z. Let x(m) = -m**3 + 3*m**2 - 5*m + 4. Let d be x(2). Determine r(d).
-1
Let d(j) be the second derivative of -7*j**3/6 + j**2 - 8*j. Determine d(-2).
16
Let y = -4 + 6. Let f(n) = 0*n + 1 - 4*n - 4 + 8*n. What is f(y)?
5
Let t be 1/2*12/1. Let q(w) = 5*w - 1 - w**2 - 6 + w. Give q(t).
-7
Let c(s) = -s - 2. Let f be ((-28)/16)/((-1)/(-8)). Let i = f + 41. Let p be (-14)/(-35) + i/(-5). Give c(p).
3
Let t(n) = n + 1. Let m(v) = -v**2 - 3*v - 4. Let o(g) = m(g) + 4*t(g). Calculate o(1).
0
Suppose -5 = 11*c + 50. Let o(k) = k**3 + 1. Let a(i) = -2*i**3 - 5*i**2 - 2*i - 6. Let v = 1 - 2. Let p(l) = v*o(l) - a(l). Give p(c).
-5
Let v(u) = -7 + 12 + 3*u**2 + 4*u - 2*u**2. Let n be -4 + (0 - 0)/1. Give v(n).
5
Let j(k) be the second derivative of -k**4 + k**2/2 - k. Suppose 2*s + 6*s + 8 = 0. Give j(s).
-11
Let j be ((-10)/(-30))/((-1)/(-6)). Let p(h) = h**3 - h**2 + h - 2. Give p(j).
4
Let f(y) = -y**2 - y + 7. Let n(p) = -p**2 + 4*p. Suppose 3*j = -2 + 14. Let l be n(j). Give f(l).
7
Let h(v) = -2*v**2 + v - 1. Suppose 8*d = 3*d. Let s(u) = 4 + 3*u - 3*u**2 - 5 + d*u**2. Let x(q) = 5*h(q) - 3*s(q). Calculate x(-3).
1
Let b(m) = -m**3 + 5*m**2 - 5*m + 1. Let n = 3 - 3. Let w be (2 + n)*10/4. Suppose -4*d + w = -11. What is b(d)?
-3
Let u(g) = -g**3 + g**2 - g + 2. Let k be u(0). Let b(r) = -6 + k*r - 7 + 4. Calculate b(6).
3
Suppose -3*p = 2*j - 10 - 1, 5*p + j - 16 = 0. Let u(q) = -2*q - p - q - q**2 + 4*q. Calculate u(0).
-3
Let k = -10 - -20. Let v = -5 + k. Let s(r) = -2*r - r - r + v*r + 3. What is s(-3)?
0
Let h(y) = y**2 - 7*y + 7. Suppose 2*c - 4 = -2*q, 5*q = -c + 9 + 5. Let l(s) = 1 - 7 + 2 + 3*s. Let o be l(q). Give h(o).
-3
Let c = 12 - 4. Suppose 0 = 4*v - 0 + 16, -2*v = -5*o + c. Let w(u) = u**3 + u**2 - u + 7. Determine w(o).
7
Let t be (-2 - 2 - -1) + 3. Let s(h) = -h**2 - 6*h - 5. Let n be s(-4). Let o(w) = -6 + 5*w**2 - 5*w**2 + 2*w + w**3 - n*w. Calculate o(t).
-6
Let q(f) be the second derivative of -f**4/12 - f**3/6 - f**2/2 + 3*f. What is q(0)?
-1
Suppose j - 28 = -3*j. Let t be (-2)/j + 26/(-7). Let l = t - -3. Let g(s) = 3*s. What is g(l)?
-3
Let p = -5 + 18. Let x(k) = 0*k - 2*k + 8*k + k**2 + 4. Let d(h) = -2*h**2 - 12*h - 9. Let l(o) = p*x(o) + 6*d(o). Calculate l(-5).
-7
Let t(l) = -l - 1. Let p(u) = -9*u - 7. Let q(w) = 26*w + 20. Let o(h) = 8*p(h) + 3*q(h). Let v(k) = o(k) + 3*t(k). What is v(-2)?
-5
Let z(d) be the first derivative of -d**3/3 + 5*d**2/2 + d + 7. Calculate z(3).
7
Let x(w) = w**3 - w + 8. Let y(s) = -3*s**3 - s**2 + 4*s - 23. Let a(r) = 8*x(r) + 3*y(r). Suppose 0*z - 4 = z. Calculate a(z).
-5
Let n be ((-3)/18*-4)/(4/(-12)). Let q(i) = -6*i**2 - 3*i - 1. Calculate q(n).
-19
Let n(z) be the first derivative of z**4/4 + 11*z**3/3 - 6*z**2 + 19. Calculate n(-12).
0
Let p(g) be the second derivative of -g**7/1260 + g**6/720 + g**5/60 - g**4/12 - 9*g. Let j(k) be the third derivative of p(k). What is j(-2)?
-8
Let u(x) = -3*x + 1. Let r(t) = -t. Let y(q) = -7*r(q) + 3*u(q). Let m(k) = -k + 12. Let h be m(7). Give y(h).
-7
Let v(x) = -x**3 - 7*x**2 - x - 7. Let b = 21 + -28. Calculate v(b).
0
Let h(t) be the second derivative of -5*t - 3*t**2 + 1/2*t**3 + 0. What is h(4)?
6
Let j(k) = k + 2. Suppose 7 + 8 = 5*o. Calculate j(o).
5
Let c(s) = s**2 + s. Suppose -3*f + 3*j + 8 = -1, -5*f + j + 3 = 0. Give c(f).
0
Let u(o) = o**2 - 5*o. Let w = 22 - 16. Calculate u(w).
6
Let l(r) = -r**3 + 12*r**2 - 12*r + 15. Let k be l(11). Let f(j) = j**2 - 2*j - 4. Give f(k).
4
Suppose -4*j = -0*j. Let h(x) = -x + j*x + 2*x - 2*x + 6. Determine h(5).
1
Let l(f) be the third derivative of -5/24*f**4 + 0*f - 1/6*f**3 + 2*f**2 - 1/20*f**5 + 0 + 1/120*f**6. What is l(4)?
-5
Let u(q) = q**3 + 3*q**2 - 2*q + 3. Suppose -7*x + 6 = -9*x. Calculate u(x).
9
Suppose 12 = 4*j - 0*j. Let k = j + -1. Let z(g) = g**2 + g - 2. Calculate z(k).
4
Let v = -4 + 9. Let x = -2 - v. Let q(n) = n**2 + 8*n + 2. Let y be q(x). Let o(m) = -m**3 - 5*m**2 + 4. Give o(y).
4
Let n(g) be the second derivative of g**2 - g + 0 + 1/6*g**4 + 1/3*g**3. Calculate n(-2).
6
Let k(c) = -7*c**2 + 5*c + 3. Let o = 11 + -6. Let i(y) = -13*y**2 + 9*y + 5. Let d(v) = o*k(v) - 3*i(v). Calculate d(2).
12
Let a be -5*((-3)/9 + (-15)/9). Let r(f) = -f**3 + 9*f**2 + 9*f + 14. Give r(a).
4
Let w = -1 - -5. Suppose -4*q + w = -0*q. Let m(s) = 3 + 2 - 5 - s. Calculate m(q).
-1
Suppose 3*i = -k + 6 + 4, -2*i = 4*k - 20. Let p(v) = -4*v + 3. Calculate p(i).
-5
Let y(a) = -a**3 - 4*a**2 - 9*a + 3. Let m(c) = c**3 + 3*c**2 + 8*c - 2. Let w(r) = 6*m(r) + 5*y(r). Wh